{"id":553,"date":"2020-05-01T22:55:48","date_gmt":"2020-05-01T20:55:48","guid":{"rendered":"http:\/\/friotel.es\/?page_id=553"},"modified":"2020-10-19T19:37:15","modified_gmt":"2020-10-19T17:37:15","slug":"asesoramiento-personalizado","status":"publish","type":"page","link":"https:\/\/friotel.es\/index.php\/asesoramiento-personalizado\/","title":{"rendered":"Asesoramiento personalizado"},"content":{"rendered":"<div id=\"pl-553\"  class=\"panel-layout\" ><div id=\"pg-553-0\"  class=\"panel-grid panel-has-style\" ><div class=\"panel-row-style panel-row-style-for-553-0\" ><div id=\"pgc-553-0-0\"  class=\"panel-grid-cell\" ><div id=\"panel-553-0-0-0\" class=\"so-panel widget widget_siteorigin-panels-builder panel-first-child panel-last-child\" data-index=\"0\" ><div id=\"pl-w5f8dcecbd48b9\"  class=\"panel-layout\" ><div id=\"pg-w5f8dcecbd48b9-0\"  class=\"panel-grid panel-no-style\" ><div id=\"pgc-w5f8dcecbd48b9-0-0\"  class=\"panel-grid-cell\" ><div id=\"panel-w5f8dcecbd48b9-0-0-0\" class=\"so-panel widget widget_themegrill_flash_heading tg-widget section-title-wrapper panel-first-child panel-last-child\" data-index=\"0\" >\t<h3 class=\"section-title\">ASESORAMIENTO PERSONALIZADO<\/h3>\n\t<div class=\"section-description\">Le guiamos de principio a fin<\/div>\n<\/div><\/div><\/div><div id=\"pg-w5f8dcecbd48b9-1\"  class=\"panel-grid panel-no-style\" ><div id=\"pgc-w5f8dcecbd48b9-1-0\"  class=\"panel-grid-cell\" ><div id=\"panel-w5f8dcecbd48b9-1-0-0\" class=\"so-panel widget widget_text panel-first-child panel-last-child\" data-index=\"1\" >\t\t\t<div class=\"textwidget\"><p>En Friotel disponemos de un equipo de asesoramiento integral\u00a0 que le acompa\u00f1ara paso a paso para que su negocio de hosteler\u00eda se encamine hacia el \u00e9xito.<\/p>\n<p>Le asesoramos desde el dise\u00f1o de interiores, iluminaci\u00f3n, distribuci\u00f3n, creaci\u00f3n e instalaci\u00f3n de su cocina industrial&#8230;. \u00a1De principio a fin!<\/p>\n<p>Nuestro prop\u00f3sito es ofrecer toda nuestra experiencia para iniciar o renovar tu negocio de hosteler\u00eda, recibiendo asesor\u00eda durante todo el proceso para que consigas tener un excelente dise\u00f1o, distribuci\u00f3n y equipamiento de tu negocio.<br \/>\nPara ello lo primero ser\u00e1 buscar una inversi\u00f3n sostenible para que alcance\u00a0sus objetivos y empiece a funcionar con un control total de la inversi\u00f3n, los plazos y los resultados.<\/p>\n<\/div>\n\t\t<\/div><\/div><\/div><div id=\"pg-w5f8dcecbd48b9-2\"  class=\"panel-grid panel-no-style\" ><div id=\"pgc-w5f8dcecbd48b9-2-0\"  class=\"panel-grid-cell\" ><div id=\"panel-w5f8dcecbd48b9-2-0-0\" class=\"so-panel widget widget_themegrill_flash_image tg-widget tg-image-widget panel-first-child panel-last-child\" data-index=\"2\" >\t<img src=\"http:\/\/friotel.es\/wp-content\/uploads\/2020\/05\/interior-industrial-carboncilo.jpg\" \/>\n<\/div><\/div><div id=\"pgc-w5f8dcecbd48b9-2-1\"  class=\"panel-grid-cell\" ><div id=\"panel-w5f8dcecbd48b9-2-1-0\" class=\"so-panel widget widget_text panel-first-child panel-last-child\" data-index=\"3\" >\t\t\t<div class=\"textwidget\"><p>Ya quieras emprender tu negocio siendo un R<strong>estaurante, Bar, Cafeter\u00eda, Hotel<\/strong>\u00a0o cualquier\u00a0<strong>negocio de hosteler\u00eda<\/strong>.., en <strong>Friotel<\/strong>\u00a0podemos ayudarte con:<\/p>\n<ul>\n<li>Estudio de interiores e iluminaci\u00f3n.<\/li>\n<li>Maquinaria adecuada y personalizada a cada tipo de negocio de hosteler\u00eda.<\/li>\n<li>Zona caf\u00e9. Desde la cafetera adecuada para su negocio hasta dise\u00f1ar su carta de Tes.<\/li>\n<li>Dise\u00f1o y distribuci\u00f3n personalizada adecuada al espacio de su cocina profesional.<\/li>\n<li>Formaci\u00f3n\u00a0del uso y aprovechamiento de la maquinaria.<\/li>\n<\/ul>\n<p>&nbsp;<\/p>\n<\/div>\n\t\t<\/div><\/div><\/div><div id=\"pg-w5f8dcecbd48b9-3\"  class=\"panel-grid panel-has-style\" ><div class=\"panel-row-style panel-row-style-for-w5f8dcecbd48b9-3\" ><div id=\"pgc-w5f8dcecbd48b9-3-0\"  class=\"panel-grid-cell\" ><div id=\"panel-w5f8dcecbd48b9-3-0-0\" class=\"so-panel widget widget_text panel-first-child panel-last-child\" data-index=\"4\" ><h3 class=\"widget-title\">Elementos indispensables en la cocina industrial<\/h3>\t\t\t<div class=\"textwidget\"><div class=\"simpleblog__post\">\n<div class=\"simpleblog__post__content\">\n<div class=\"rte-content\">\n<p>Disponer de una buena materia prima es fundamental, pero tambi\u00e9n lo es contar con una perfecta organizaci\u00f3n, tanto de los cocineros como de los camareros, para que las comandas vayan saliendo al ritmo que se requiere. En este sentido, en una cocina eficiente no pueden faltar:<\/p>\n<ul>\n<li><a href=\"http:\/\/friotel.es\/index.php\/cash\/\"><b>Maquinaria de hosteler\u00eda<\/b><\/a>Resulta imprescindible tener todos los elementos relacionados con el mundo de la hoster\u00eda, tanto para preparar cualquier comida como para ponerla sobre el plato y lograr la mejor presentaci\u00f3n.<\/li>\n<li><a href=\"http:\/\/friotel.es\/index.php\/cash\/\"><b>Lavavajillas industriales<\/b><\/a>La rapidez en la salida de los platos debe ser proporcional a la limpieza de los mismos, para que el ritmo no se vea frenado durante las horas de mayor afluencia, como son los almuerzos y las cenas.<\/li>\n<li><a href=\"http:\/\/friotel.es\/index.php\/cash\/\"><b>Freidoras<\/b><\/a>Es importante contar con aparatos de calidad para que los platos salgan lo m\u00e1s r\u00e1pido posible, pero sin perder su calidad.<\/li>\n<li><a href=\"http:\/\/friotel.es\/index.php\/cash\/\"><b>Planchas de hosteler\u00eda y\/o barbacoa lavica<\/b><\/a>Estos elementos posibilitar\u00e1n agilizar los tiempos de todas las comandas.<\/li>\n<li><a href=\"http:\/\/friotel.es\/index.php\/cash\/\"><b>Horno industrial<\/b><\/a>Indispensable en cualquier cocina ya sea de conveccion o normal.<\/li>\n<\/ul>\n<h3 class=\"western\">Ventajas de contar con un buen mobiliario industrial<\/h3>\n<p>Disponer de los elementos mencionados es indispensable, dado que al final necesitamos actuar con rapidez. En este sentido, a las ventajas de contar con estos elementos, rapidez y calidad, cabe a\u00f1adir el celo profesional de todos los trabajadores.<\/p>\n<p>Para resolver cualquier duda o recibir asesoramiento personalizado,\u00a0consultarnos sin compromiso.<\/p>\n<\/div>\n<\/div>\n<\/div>\n<\/div>\n\t\t<\/div><\/div><div id=\"pgc-w5f8dcecbd48b9-3-1\"  class=\"panel-grid-cell\" ><div id=\"panel-w5f8dcecbd48b9-3-1-0\" class=\"so-panel widget widget_themegrill_flash_image tg-widget tg-image-widget panel-first-child\" data-index=\"5\" >\t<img src=\"http:\/\/friotel.es\/wp-content\/uploads\/2020\/04\/cocina-1200.jpg\" \/>\n<\/div><div id=\"panel-w5f8dcecbd48b9-3-1-1\" class=\"so-panel widget widget_themegrill_flash_image tg-widget tg-image-widget panel-last-child\" data-index=\"6\" >\t<img src=\"http:\/\/friotel.es\/wp-content\/uploads\/2020\/05\/cocina-frontal-1200x675-1.jpg\" \/>\n<\/div><\/div><\/div><\/div><\/div><\/div><\/div><\/div><\/div><div id=\"pg-553-1\"  class=\"panel-grid panel-has-style\" ><div class=\"panel-row-style panel-row-style-for-553-1\" ><div id=\"pgc-553-1-0\"  class=\"panel-grid-cell\" ><div id=\"panel-553-1-0-0\" class=\"so-panel widget widget_themegrill_flash_cta tg-widget call-to-action-section panel-first-child panel-last-child\" data-index=\"1\" ><div class=\"cta-wrapper call-to-action-section-layout-1\">\n\t<div class=\"section-title-wrapper\">\n\t\t\t\t<h3 class=\"section-title\">NO LO PIENSE MAS, NOSOTROS LE ASESORAMOS<\/h3>\n\t\t\t<\/div>\n\t\t<div class=\"btn-wrapper\">\n\t\t\t\t<a class=\"btn\" href=\"http:\/\/friotel.es\/index.php\/contact\/\">Contactar<\/a>\n\t\t\t\t\t<\/div>\n\t<\/div>\n<\/div><\/div><\/div><\/div><\/div>","protected":false},"excerpt":{"rendered":"<p>ASESORAMIENTO PERSONALIZADO Le guiamos de principio a fin En Friotel disponemos de un equipo de asesoramiento integral\u00a0 que le acompa\u00f1ara [&hellip;]<\/p>\n","protected":false},"author":1,"featured_media":0,"parent":0,"menu_order":0,"comment_status":"closed","ping_status":"closed","template":"","meta":[],"_links":{"self":[{"href":"https:\/\/friotel.es\/index.php\/wp-json\/wp\/v2\/pages\/553"}],"collection":[{"href":"https:\/\/friotel.es\/index.php\/wp-json\/wp\/v2\/pages"}],"about":[{"href":"https:\/\/friotel.es\/index.php\/wp-json\/wp\/v2\/types\/page"}],"author":[{"embeddable":true,"href":"https:\/\/friotel.es\/index.php\/wp-json\/wp\/v2\/users\/1"}],"replies":[{"embeddable":true,"href":"https:\/\/friotel.es\/index.php\/wp-json\/wp\/v2\/comments?post=553"}],"version-history":[{"count":20,"href":"https:\/\/friotel.es\/index.php\/wp-json\/wp\/v2\/pages\/553\/revisions"}],"predecessor-version":[{"id":873,"href":"https:\/\/friotel.es\/index.php\/wp-json\/wp\/v2\/pages\/553\/revisions\/873"}],"wp:attachment":[{"href":"https:\/\/friotel.es\/index.php\/wp-json\/wp\/v2\/media?parent=553"}],"curies":[{"name":"wp","href":"https:\/\/api.w.org\/{rel}","templated":true}]}}