{"id":341,"date":"2020-04-28T10:24:32","date_gmt":"2020-04-28T08:24:32","guid":{"rendered":"http:\/\/friotel.es\/?page_id=341"},"modified":"2020-04-28T19:31:10","modified_gmt":"2020-04-28T17:31:10","slug":"cafe","status":"publish","type":"page","link":"https:\/\/friotel.es\/index.php\/cafe\/","title":{"rendered":"Cafe"},"content":{"rendered":"<div id=\"pl-341\"  class=\"panel-layout\" ><div id=\"pg-341-0\"  class=\"panel-grid panel-has-style\" ><div class=\"panel-row-style panel-row-style-for-341-0\" ><div id=\"pgc-341-0-0\"  class=\"panel-grid-cell\" ><div id=\"panel-341-0-0-0\" class=\"so-panel widget widget_siteorigin-panels-builder panel-first-child panel-last-child\" data-index=\"0\" ><div id=\"pl-w5ea866c7830cf\"  class=\"panel-layout\" ><div id=\"pg-w5ea866c7830cf-0\"  class=\"panel-grid panel-no-style\" ><div id=\"pgc-w5ea866c7830cf-0-0\"  class=\"panel-grid-cell\" ><div id=\"panel-w5ea866c7830cf-0-0-0\" class=\"so-panel widget widget_themegrill_flash_heading tg-widget section-title-wrapper panel-first-child panel-last-child\" data-index=\"0\" >\t<h3 class=\"section-title\">SECCI\u00d3N BARISTA<\/h3>\n\t<div class=\"section-description\">Suministramos, instalamos, asesoramos y reparamos todo el mundo de caf\u00e9<\/div>\n<\/div><\/div><\/div><div id=\"pg-w5ea866c7830cf-1\"  class=\"panel-grid panel-no-style\" ><div id=\"pgc-w5ea866c7830cf-1-0\"  class=\"panel-grid-cell\" ><div id=\"panel-w5ea866c7830cf-1-0-0\" class=\"so-panel widget widget_themegrill_flash_service tg-widget tg-single-service panel-first-child panel-last-child\" data-index=\"1\" >\n<div class=\"tg-service-widget tg-service-layout-1\">\n\t<div class=\"service-wrapper\">\n\t\t<div class=\"service-icon-title-wrapper clearfix\">\n\t\t\t\t\t\t\t\t\t<figure class=\"service-image-wrap\"><img src=\"http:\/\/friotel.es\/wp-content\/uploads\/2020\/04\/cafe-arabo.jpg\" \/><\/figure>\n\t\t\t\t\t\t\t\t\t<h3 class=\"service-title-wrap\">\n\t\t\t\tCaf\u00e9 Arabo\t\t\t\t\t\t\t<\/h3>\n\t\t\t\t\t<\/div>\n\t\t\t\t<div class=\"service-content-wrap\">Basado en productos de calidad y un servicio r\u00e1pido y flexible, Caf\u00e9 Arabo cuenta con un amplio abanico de soluciones muy competitivas para diferentes sectores, como hosteler\u00eda, vending, hogar.<\/div>\n\t\t\t\t\t<\/div>\n<\/div>\n<\/div><\/div><div id=\"pgc-w5ea866c7830cf-1-1\"  class=\"panel-grid-cell\" ><div id=\"panel-w5ea866c7830cf-1-1-0\" class=\"so-panel widget widget_themegrill_flash_service tg-widget tg-single-service panel-first-child panel-last-child\" data-index=\"2\" >\n<div class=\"tg-service-widget tg-service-layout-1\">\n\t<div class=\"service-wrapper\">\n\t\t<div class=\"service-icon-title-wrapper clearfix\">\n\t\t\t\t\t\t\t\t\t<figure class=\"service-image-wrap\"><img src=\"http:\/\/friotel.es\/wp-content\/uploads\/2020\/04\/busi-logo.png\" \/><\/figure>\n\t\t\t\t\t\t\t\t\t<h3 class=\"service-title-wrap\">\n\t\t\t\tBusi Cafe es sin\u00f3nimo de especialidad, origen y sabor.\t\t\t\t\t\t\t<\/h3>\n\t\t\t\t\t<\/div>\n\t\t\t\t<div class=\"service-content-wrap\">Un caf\u00e9 se define como especialidad cuando conocemos todos los eslabones de su proceso: desde su origen a trav\u00e9s de la pasi\u00f3n y conocimientos del caficultor, la cosecha a mano, un tueste adecuado y por \u00faltimo la destreza del barista.\nNuestra marca de Busi caf\u00e9 recoge todas estas caracter\u00edsticas para ofrecerte el mejor caf\u00e9.<\/div>\n\t\t\t\t\t<\/div>\n<\/div>\n<\/div><\/div><div id=\"pgc-w5ea866c7830cf-1-2\"  class=\"panel-grid-cell\" ><div id=\"panel-w5ea866c7830cf-1-2-0\" class=\"so-panel widget widget_themegrill_flash_service tg-widget tg-single-service panel-first-child panel-last-child\" data-index=\"3\" >\n<div class=\"tg-service-widget tg-service-layout-1\">\n\t<div class=\"service-wrapper\">\n\t\t<div class=\"service-icon-title-wrapper clearfix\">\n\t\t\t\t\t\t\t\t\t<figure class=\"service-image-wrap\"><img src=\"http:\/\/friotel.es\/wp-content\/uploads\/2020\/04\/WhatsApp-Image-2020-04-22-at-15.25.18.jpg\" \/><\/figure>\n\t\t\t\t\t\t\t\t\t<h3 class=\"service-title-wrap\">\n\t\t\t\t\u00c1rea caf\u00e9\t\t\t\t\t\t\t<\/h3>\n\t\t\t\t\t<\/div>\n\t\t\t\t<div class=\"service-content-wrap\">En nuestras instalaciones disponemos de un zona especifica para el caf\u00e9, \u00a1Nos encanta el caf\u00e9!.\nAqu\u00ed podemos ense\u00f1arle todas las variedades de Busi caf\u00e9, ademas de realizar una molienda a mano del caf\u00e9 seleccionada y llev\u00e1rselo en paquete, o en capsulas compatibles para Nespresso<\/div>\n\t\t\t\t\t<\/div>\n<\/div>\n<\/div><\/div><\/div><div id=\"pg-w5ea866c7830cf-2\"  class=\"panel-grid panel-no-style\" ><div id=\"pgc-w5ea866c7830cf-2-0\"  class=\"panel-grid-cell\" ><div id=\"panel-w5ea866c7830cf-2-0-0\" class=\"so-panel widget widget_themegrill_flash_service tg-widget tg-single-service panel-first-child panel-last-child\" data-index=\"4\" >\n<div class=\"tg-service-widget tg-service-layout-1\">\n\t<div class=\"service-wrapper\">\n\t\t<div class=\"service-icon-title-wrapper clearfix\">\n\t\t\t\t\t\t\t\t\t<figure class=\"service-image-wrap\"><img src=\"http:\/\/friotel.es\/wp-content\/uploads\/2020\/04\/baristakit_wo_suitcase_simple.jpg\" \/><\/figure>\n\t\t\t\t\t\t\t\t\t<h3 class=\"service-title-wrap\">\n\t\t\t\tComplementos para el caf\u00e9\t\t\t\t\t\t\t<\/h3>\n\t\t\t\t\t<\/div>\n\t\t\t\t<div class=\"service-content-wrap\">Disponemos de una amplia variedad de complementos para el cafe, como dosificadores, jarra de barista, Tamper de varios modelos, kit de barista...<\/div>\n\t\t\t\t\t<\/div>\n<\/div>\n<\/div><\/div><div id=\"pgc-w5ea866c7830cf-2-1\"  class=\"panel-grid-cell\" ><div id=\"panel-w5ea866c7830cf-2-1-0\" class=\"so-panel widget widget_themegrill_flash_service tg-widget tg-single-service panel-first-child panel-last-child\" data-index=\"5\" >\n<div class=\"tg-service-widget tg-service-layout-1\">\n\t<div class=\"service-wrapper\">\n\t\t<div class=\"service-icon-title-wrapper clearfix\">\n\t\t\t\t\t\t\t\t\t<figure class=\"service-image-wrap\"><img src=\"http:\/\/friotel.es\/wp-content\/uploads\/2020\/04\/manzanilla-infusion.jpg\" \/><\/figure>\n\t\t\t\t\t\t\t\t\t<h3 class=\"service-title-wrap\">\n\t\t\t\tEl mundo del te y las infusiones.\t\t\t\t\t\t\t<\/h3>\n\t\t\t\t\t<\/div>\n\t\t\t\t<div class=\"service-content-wrap\">Disponemos de una gran variedad de tes e infusiones como el Rooibos Canela-Menta, el T\u00e9 negro English breakfast o la Infusi\u00f3n de frutas del bosque.\nConsulte a nuestro servicio de atenci\u00f3n al cliente la posibilidad de crearle una carta personalizada.<\/div>\n\t\t\t\t\t<\/div>\n<\/div>\n<\/div><\/div><div id=\"pgc-w5ea866c7830cf-2-2\"  class=\"panel-grid-cell\" ><div id=\"panel-w5ea866c7830cf-2-2-0\" class=\"so-panel widget widget_themegrill_flash_service tg-widget tg-single-service panel-first-child panel-last-child\" data-index=\"6\" >\n<div class=\"tg-service-widget tg-service-layout-1\">\n\t<div class=\"service-wrapper\">\n\t\t<div class=\"service-icon-title-wrapper clearfix\">\n\t\t\t\t\t\t\t\t\t<figure class=\"service-image-wrap\"><img src=\"http:\/\/friotel.es\/wp-content\/uploads\/2020\/04\/reparaci\u00f3n-de-cafetera.jpg\" \/><\/figure>\n\t\t\t\t\t\t\t\t\t<h3 class=\"service-title-wrap\">\n\t\t\t\tServicio t\u00e9cnico para el cafe\t\t\t\t\t\t\t<\/h3>\n\t\t\t\t\t<\/div>\n\t\t\t\t<div class=\"service-content-wrap\">Disponemos del un servicio t\u00e9cnico especifico para el caf\u00e9, con nuestros t\u00e9cnicos formados en el mundo de caf\u00e9 y expertos baristas, damos soluci\u00f3n a cualquier problema, desde el grosor de la molienda del caf\u00e9, hasta la perdida de presi\u00f3n de su cafetera.<\/div>\n\t\t\t\t\t<\/div>\n<\/div>\n<\/div><\/div><\/div><\/div><\/div><\/div><\/div><\/div><div id=\"pg-341-1\"  class=\"panel-grid panel-has-style\" ><div class=\"panel-row-style panel-row-style-for-341-1\" ><div id=\"pgc-341-1-0\"  class=\"panel-grid-cell\" ><div id=\"panel-341-1-0-0\" class=\"so-panel widget widget_themegrill_flash_cta tg-widget call-to-action-section panel-first-child panel-last-child\" data-index=\"1\" ><div class=\"cta-wrapper call-to-action-section-layout-1\">\n\t<div class=\"section-title-wrapper\">\n\t\t\t\t<h3 class=\"section-title\">\u00bfNecesita una cafetera?<\/h3>\n\t\t\t\t<h4 class=\"section-subtitle\">Consulte con nuestro departamento de atenci\u00f3n al cliente para solicitar la instalaci\u00f3n de una cafetera que podr\u00e1 pagar con el consumo del caf\u00e9<\/h4>\n\t\t\t<\/div>\n\t\t<div class=\"btn-wrapper\">\n\t\t\t\t<a class=\"btn\" href=\"http:\/\/friotel.es\/index.php\/contact\/\">Consultar<\/a>\n\t\t\t\t\t<\/div>\n\t<\/div>\n<\/div><\/div><\/div><\/div><\/div>","protected":false},"excerpt":{"rendered":"<p>SECCI\u00d3N BARISTA Suministramos, instalamos, asesoramos y reparamos todo el mundo de caf\u00e9 Caf\u00e9 Arabo Basado en productos de calidad y [&hellip;]<\/p>\n","protected":false},"author":1,"featured_media":0,"parent":0,"menu_order":0,"comment_status":"closed","ping_status":"closed","template":"","meta":[],"_links":{"self":[{"href":"https:\/\/friotel.es\/index.php\/wp-json\/wp\/v2\/pages\/341"}],"collection":[{"href":"https:\/\/friotel.es\/index.php\/wp-json\/wp\/v2\/pages"}],"about":[{"href":"https:\/\/friotel.es\/index.php\/wp-json\/wp\/v2\/types\/page"}],"author":[{"embeddable":true,"href":"https:\/\/friotel.es\/index.php\/wp-json\/wp\/v2\/users\/1"}],"replies":[{"embeddable":true,"href":"https:\/\/friotel.es\/index.php\/wp-json\/wp\/v2\/comments?post=341"}],"version-history":[{"count":25,"href":"https:\/\/friotel.es\/index.php\/wp-json\/wp\/v2\/pages\/341\/revisions"}],"predecessor-version":[{"id":398,"href":"https:\/\/friotel.es\/index.php\/wp-json\/wp\/v2\/pages\/341\/revisions\/398"}],"wp:attachment":[{"href":"https:\/\/friotel.es\/index.php\/wp-json\/wp\/v2\/media?parent=341"}],"curies":[{"name":"wp","href":"https:\/\/api.w.org\/{rel}","templated":true}]}}